{"id":1063,"date":"2017-12-05T09:40:58","date_gmt":"2017-12-05T08:40:58","guid":{"rendered":"http:\/\/www.icelweb.it\/?page_id=1063"},"modified":"2018-06-17T12:35:19","modified_gmt":"2018-06-17T10:35:19","slug":"1-come-attivare-una-nuova-utenza","status":"publish","type":"page","link":"https:\/\/www.icelweb.it\/?page_id=1063","title":{"rendered":"Come attivare una nuova utenza"},"content":{"rendered":"<div class=\"nolwrap\"><h3>Stipula Contratto per Nuova Utenza<\/h3>\n<p>Occorre inviare alla sede di Levanzo della Impresa Campo Elettricit\u00e0 S.r.l. la richiesta scritta di allacciamento. \u00c8 disponibile un modulo per detta richiesta nella nostra sezione dedicata alla modulistica.<\/p>\n<h4><strong>Informazioni necessarie da riportare nella richiesta<\/strong><\/h4>\n<ul>\n<li>indirizzo esatto dell&#8217;abitazione da allacciare<\/li>\n<li>indirizzo di recapito delle bollette, se diverso da quello di fornitura<\/li>\n<li>recapito telefonico per comunicazioni urgenti<\/li>\n<li>Potenza richiesta fino a 6 kw, con potenze modulabili in aumento o riduzione di 0,5 kw in 0,5 kw; oltre 6 kw fino a 10 kw con potenze modulabili in aumento o riduzione di 1 kw; oltre 10 e fino a 30 kw con potenze modulabili in aumento o riduzione di 5 kw;<\/li>\n<\/ul>\n<h4>Documenti da allegare alla richiesta<\/h4>\n<ul>\n<li>autocertificazione di residenza anagrafica della persona a cui va intestato il contratto, se l&#8217;abitazione da allacciare \u00e8 di residenza anagrafica; nel caso di variazione di residenza, ci si impegna a inviare tale documentazione non appena possibile<\/li>\n<li>dichiarazione di conformit\u00e0 o dichiarazione di rispondenza dell&#8217;impianto elettrico dell&#8217;immobile<\/li>\n<li>autocertificazione regolarit\u00e0 edilizia, ai sensi della legge 15\/1968, in cui il richiedente dichiara che la casa \u00e8 costruita nel pieno rispetto delle leggi in vigore, citandone gli estremi della concessione edilizia<\/li>\n<li>dati catastali dell&#8217;immobile<\/li>\n<li>dichiarazione della titolarit\u00e0 dell&#8217;immobile<\/li>\n<li>copia di documento d&#8217;identit\u00e0 valido dell&#8217;intestatario della fornitura (leggibile)<\/li>\n<li>copia del codice fiscale dell&#8217;intestatario della fornitura (leggibile)<\/li>\n<li>stralcio planimetrico della zona nella quale \u00e8 ubicata l&#8217;abitazione da allacciare; non \u00e8 necessario se l&#8217;abitazione fa parte di un edificio composto da pi\u00f9 di quattro unit\u00e0 immobiliari o \u00e8 gi\u00e0 allacciato alla rete elettrica<\/li>\n<\/ul>\n<h4>Importante: nel presentare le autocertificazioni, si deve sempre allegare una copia di un documento di identit\u00e0 valido, come previsto dalla legge; in mancanza di tale documento l&#8217;autocertificazione risulta nulla.<\/h4>\n<p>Tutti i moduli di autocertificazione e di domiciliazione bancaria saranno inviati con il contratto da sottoscrivere e dovranno essere restituiti entro 30 giorni dalla data della nostra missiva, se non gi\u00e0 ricevuti precedentemente in uno alla richiesta di nuova utenza.<\/p>\n<p>Nel caso si tratti di <strong>lavoro semplice<\/strong>, l&#8217;operazione di allacciamento sar\u00e0 effettuata entro i tempi stabiliti dall&#8217;Autorit\u00e0 per l&#8217;energia elettrica e il gas, e indicati nella tabella &#8220;Prestazioni e Tempi&#8221; nella sezione Diritti del cliente, e comunque dopo l&#8217;avvenuto pagamento del contributo di allacciamento e la realizzazione di opere a carico del cliente; nel caso si tratti di lavoro complesso i tempi per l&#8217;esecuzione dell&#8217;operazione di allacciamento saranno stimati in base ai lavori da eseguire e comunicati al Cliente.<\/p>\n<\/div>","protected":false},"excerpt":{"rendered":"<p>Stipula Contratto per Nuova Utenza Occorre inviare alla sede di Levanzo della Impresa Campo Elettricit\u00e0 S.r.l. la richiesta scritta di allacciamento. \u00c8 disponibile un modulo per detta richiesta nella nostra sezione dedicata alla modulistica. Informazioni necessarie da riportare nella richiesta <a href=\"https:\/\/www.icelweb.it\/?page_id=1063\" class=\"read-more\">Continua la lettura &#8230;<\/a><\/p>\n","protected":false},"author":1,"featured_media":0,"parent":1061,"menu_order":1,"comment_status":"closed","ping_status":"closed","template":"","meta":{"footnotes":"","_links_to":"","_links_to_target":""},"class_list":["post-1063","page","type-page","status-publish","hentry"],"_links":{"self":[{"href":"https:\/\/www.icelweb.it\/index.php?rest_route=\/wp\/v2\/pages\/1063","targetHints":{"allow":["GET"]}}],"collection":[{"href":"https:\/\/www.icelweb.it\/index.php?rest_route=\/wp\/v2\/pages"}],"about":[{"href":"https:\/\/www.icelweb.it\/index.php?rest_route=\/wp\/v2\/types\/page"}],"author":[{"embeddable":true,"href":"https:\/\/www.icelweb.it\/index.php?rest_route=\/wp\/v2\/users\/1"}],"replies":[{"embeddable":true,"href":"https:\/\/www.icelweb.it\/index.php?rest_route=%2Fwp%2Fv2%2Fcomments&post=1063"}],"version-history":[{"count":4,"href":"https:\/\/www.icelweb.it\/index.php?rest_route=\/wp\/v2\/pages\/1063\/revisions"}],"predecessor-version":[{"id":1178,"href":"https:\/\/www.icelweb.it\/index.php?rest_route=\/wp\/v2\/pages\/1063\/revisions\/1178"}],"up":[{"embeddable":true,"href":"https:\/\/www.icelweb.it\/index.php?rest_route=\/wp\/v2\/pages\/1061"}],"wp:attachment":[{"href":"https:\/\/www.icelweb.it\/index.php?rest_route=%2Fwp%2Fv2%2Fmedia&parent=1063"}],"curies":[{"name":"wp","href":"https:\/\/api.w.org\/{rel}","templated":true}]}}