{"id":1069,"date":"2017-12-05T09:47:57","date_gmt":"2017-12-05T08:47:57","guid":{"rendered":"http:\/\/www.icelweb.it\/?page_id=1069"},"modified":"2018-06-17T12:35:41","modified_gmt":"2018-06-17T10:35:41","slug":"2-voltura-subentro","status":"publish","type":"page","link":"https:\/\/www.icelweb.it\/?page_id=1069","title":{"rendered":"Voltura\/Subentro utenza"},"content":{"rendered":"<div class=\"nolwrap\"><p>Si effettua una voltura o un subentro quando il contratto di energia elettrica deve cambiare intestatario. Si parla di voltura quando c&#8217;\u00e8 il contemporaneo passaggio del contratto di fornitura da un cliente a un altro senza interruzione dell&#8217;erogazione di energia elettrica; si parla di subentro quando c&#8217;\u00e8 l&#8217;attivazione della fornitura da parte di un nuovo cliente in seguito alla cessazione del contratto del cliente precedente, che ha richiesto anche la disattivazione del contatore. I costi della voltura e del subentro sono gli stessi.<\/p>\n<p>Occorre inviare alla sede Levanzo della Impresa Campo Elettricit\u00e0 S.r.l. la richiesta scritta. \u00c8 disponibile un modulo per detta richiesta nella nostra sezione dedicata alla modulistica.<\/p>\n<p><strong>Importante: nel caso di voltura, la richiesta deve essere firmata anche dal precedente intestatario per accettazione della stessa o quest&#8217;ultimo dovr\u00e0 formalizzare la sua volont\u00e0 di recedere dal contratto con apposita comunicazione scritta ove indicher\u00e0 l&#8217;indirizzo di recapito della fattura di chiusura conto.<\/strong><\/p>\n<h4><strong>Informazioni necessarie da riportare nella richiesta<\/strong><\/h4>\n<ul>\n<li>indirizzo di recapito delle bollette, se diverso da quello di fornitura<\/li>\n<li>numero di matricola del contatore della I.C.EL.. S.r.l. installato per la fornitura<\/li>\n<li>indirizzo esatto dell&#8217;abitazione<\/li>\n<li>codice cliente del precedente intestatario e codice P.O.D. (solo per la voltura)<\/li>\n<li>nominativo del precedente intestatario della fornitura (solo per la voltura)<\/li>\n<li>lettura, se possibile insieme al cliente precedente, del contatore (solo per la voltura)<\/li>\n<li>eventuali variazioni al contratto da effettuare contestualmente all&#8217;operazione<\/li>\n<li>recapito telefonico per eventuali comunicazioni<\/li>\n<\/ul>\n<h4>Documenti da allegare alla richiesta<\/h4>\n<ul>\n<li>autocertificazione di residenza anagrafica della persona a cui va intestato il contratto, se si ha la residenza anagrafica nell&#8217;abitazione per la quale si stipula il contratto; nel caso di variazione di residenza, ci si impegna a inviare tale documentazione non appena possibile.<\/li>\n<li>dichiarazione della titolarit\u00e0 dell&#8217;immobile<\/li>\n<li>documento d&#8217;identit\u00e0 valido dell&#8217;intestatario della fornitura (copia leggibile)<\/li>\n<li>codice fiscale dell&#8217;intestatario della fornitura (copia leggibile)<\/li>\n<\/ul>\n<p><strong>Importante: nel presentare le autocertificazioni, si deve sempre allegare una copia di un documento di identit\u00e0 valido, come previsto dalla legge; in mancanza di tale documento l&#8217;autocertificazione risulta nulla.<\/strong><\/p>\n<p>I moduli per le relative richieste e autocertificazioni sono prelevabili dalla nostra sezione dedicata alla modulistica.<\/p>\n<p>Tutti i moduli di autocertificazione e di domiciliazione bancaria saranno inviati con il contratto da sottoscrivere e dovranno essere restituiti entro 30 giorni dalla data della nostra missiva, se non gi\u00e0 ricevuti precedentemente in uno alla richiesta di voltura\/subentro.<\/p>\n<\/div>","protected":false},"excerpt":{"rendered":"<p>Si effettua una voltura o un subentro quando il contratto di energia elettrica deve cambiare intestatario. Si parla di voltura quando c&#8217;\u00e8 il contemporaneo passaggio del contratto di fornitura da un cliente a un altro senza interruzione dell&#8217;erogazione di energia <a href=\"https:\/\/www.icelweb.it\/?page_id=1069\" class=\"read-more\">Continua la lettura &#8230;<\/a><\/p>\n","protected":false},"author":1,"featured_media":0,"parent":1061,"menu_order":2,"comment_status":"closed","ping_status":"closed","template":"","meta":{"footnotes":"","_links_to":"","_links_to_target":""},"class_list":["post-1069","page","type-page","status-publish","hentry"],"_links":{"self":[{"href":"https:\/\/www.icelweb.it\/index.php?rest_route=\/wp\/v2\/pages\/1069","targetHints":{"allow":["GET"]}}],"collection":[{"href":"https:\/\/www.icelweb.it\/index.php?rest_route=\/wp\/v2\/pages"}],"about":[{"href":"https:\/\/www.icelweb.it\/index.php?rest_route=\/wp\/v2\/types\/page"}],"author":[{"embeddable":true,"href":"https:\/\/www.icelweb.it\/index.php?rest_route=\/wp\/v2\/users\/1"}],"replies":[{"embeddable":true,"href":"https:\/\/www.icelweb.it\/index.php?rest_route=%2Fwp%2Fv2%2Fcomments&post=1069"}],"version-history":[{"count":1,"href":"https:\/\/www.icelweb.it\/index.php?rest_route=\/wp\/v2\/pages\/1069\/revisions"}],"predecessor-version":[{"id":1179,"href":"https:\/\/www.icelweb.it\/index.php?rest_route=\/wp\/v2\/pages\/1069\/revisions\/1179"}],"up":[{"embeddable":true,"href":"https:\/\/www.icelweb.it\/index.php?rest_route=\/wp\/v2\/pages\/1061"}],"wp:attachment":[{"href":"https:\/\/www.icelweb.it\/index.php?rest_route=%2Fwp%2Fv2%2Fmedia&parent=1069"}],"curies":[{"name":"wp","href":"https:\/\/api.w.org\/{rel}","templated":true}]}}