{"id":1077,"date":"2017-12-05T09:55:47","date_gmt":"2017-12-05T08:55:47","guid":{"rendered":"http:\/\/www.icelweb.it\/?page_id=1077"},"modified":"2018-06-17T12:36:18","modified_gmt":"2018-06-17T10:36:18","slug":"4-cessazione","status":"publish","type":"page","link":"https:\/\/www.icelweb.it\/?page_id=1077","title":{"rendered":"Cessazione utenza"},"content":{"rendered":"<div class=\"nolwrap\"><p>44Si effettua la cessazione della fornitura quando non si ha pi\u00f9 necessit\u00e0 della fonitura di energia elettrica.<\/p>\n<p>Occorre inviare alla sede Levanzo della Impresa Campo Elettricit\u00e0 S.r.l. una richiesta scritta. \u00c8 disponibile un modulo per detta richiesta nella nostra sezione dedicata alla modulistica.<\/p>\n<h4>Informazioni e documenti da presentare<\/h4>\n<ul>\n<li>nominativo dell&#8217;intestatario del contratto e suo codice fiscale<\/li>\n<li>codice cliente e codice P.O.D.<\/li>\n<li>indirizzo esatto dell&#8217;abitazione dove \u00e8 attiva la fornitura da cessare<\/li>\n<li>lettura del contatore e sua matricola<\/li>\n<li>recapito telefonico per eventuali problemi nell&#8217;accedere al contatore per le operazioni di cessazione<\/li>\n<li>giorno nel quale presumibilmente si vuole che venga disattivata la fornitura<\/li>\n<li>indirizzo dove spedire l&#8217;ultima bolletta<\/li>\n<\/ul>\n<\/div>","protected":false},"excerpt":{"rendered":"<p>44Si effettua la cessazione della fornitura quando non si ha pi\u00f9 necessit\u00e0 della fonitura di energia elettrica. Occorre inviare alla sede Levanzo della Impresa Campo Elettricit\u00e0 S.r.l. una richiesta scritta. \u00c8 disponibile un modulo per detta richiesta nella nostra sezione <a href=\"https:\/\/www.icelweb.it\/?page_id=1077\" class=\"read-more\">Continua la lettura &#8230;<\/a><\/p>\n","protected":false},"author":1,"featured_media":0,"parent":1061,"menu_order":4,"comment_status":"closed","ping_status":"closed","template":"","meta":{"footnotes":"","_links_to":"","_links_to_target":""},"class_list":["post-1077","page","type-page","status-publish","hentry"],"_links":{"self":[{"href":"https:\/\/www.icelweb.it\/index.php?rest_route=\/wp\/v2\/pages\/1077","targetHints":{"allow":["GET"]}}],"collection":[{"href":"https:\/\/www.icelweb.it\/index.php?rest_route=\/wp\/v2\/pages"}],"about":[{"href":"https:\/\/www.icelweb.it\/index.php?rest_route=\/wp\/v2\/types\/page"}],"author":[{"embeddable":true,"href":"https:\/\/www.icelweb.it\/index.php?rest_route=\/wp\/v2\/users\/1"}],"replies":[{"embeddable":true,"href":"https:\/\/www.icelweb.it\/index.php?rest_route=%2Fwp%2Fv2%2Fcomments&post=1077"}],"version-history":[{"count":1,"href":"https:\/\/www.icelweb.it\/index.php?rest_route=\/wp\/v2\/pages\/1077\/revisions"}],"predecessor-version":[{"id":1181,"href":"https:\/\/www.icelweb.it\/index.php?rest_route=\/wp\/v2\/pages\/1077\/revisions\/1181"}],"up":[{"embeddable":true,"href":"https:\/\/www.icelweb.it\/index.php?rest_route=\/wp\/v2\/pages\/1061"}],"wp:attachment":[{"href":"https:\/\/www.icelweb.it\/index.php?rest_route=%2Fwp%2Fv2%2Fmedia&parent=1077"}],"curies":[{"name":"wp","href":"https:\/\/api.w.org\/{rel}","templated":true}]}}