{"id":58,"date":"2017-10-05T08:52:33","date_gmt":"2017-10-05T06:52:33","guid":{"rendered":"http:\/\/www.icelweb.it\/?page_id=58"},"modified":"2025-07-29T10:10:54","modified_gmt":"2025-07-29T08:10:54","slug":"home","status":"publish","type":"page","link":"https:\/\/www.icelweb.it\/","title":{"rendered":"Home"},"content":{"rendered":"<div class=\"nolwrap\"><header class=\"entry-header\">\n<h2 class=\"entry-title\">Erogazione BONUS SOCIALE 2021 e 2022<\/h2>\n<div class=\"entry-meta\">Segnaliamo agli utenti aventi diritto che non siano gi\u00e0 stati destinatari di bonus sociale elettrico per gli anni 2021 e 2022, che con Delibera 554\/2022\/R\/com l\u2019ARERA ha predisposto il metodo per l\u2019erogazione del bonus da parte dei Gestori di reti di distribuzione non interconnesse.<\/div>\n<\/header>\n<div class=\"entry-content\">\n<p>A seguito delle comunicazioni che arriveranno dal Gestore del SII (Sistema Informativo Integrato \u2013 facente capo ad Acquirente Unico SpA), si provveder\u00e0 pertanto all\u2019erogazione. Il bonus verr\u00e0 erogato in un\u2019unica soluzione nella prima fattura utile entro il primo giorno del secondo mese successivo a quello in cui il SII comunicher\u00e0 gli importi.<\/p>\n<p><a href=\"https:\/\/www.arera.it\/it\/docs\/22\/554-22.htm\">Delibera ARERA 554\/2022\/R\/com<\/a><\/p>\n<p><a href=\"https:\/\/www.arera.it\/it\/bonus_sociale.htm\">Disciplina generale del bonus sociale<\/a><\/p>\n<\/div>\n<hr \/>\n<h2>Informativa al trattamento dei dati personali<\/h2>\n<p>Si inviata il visitatore a prendere visione della\u00a0<a href=\"https:\/\/www.icelweb.it\/?page_id=1140\">informativa al trattamento dei dati personali<\/a>.<\/p>\n<hr \/>\n<h2>Delibera Autorit\u00e0 Energia n\u00b0 786\/2016: verifiche periodiche dei sistemi di protezione degli impianti produttori<\/h2>\n<p>Il 22 Dicembre 2016 \u00e8 entrata in vigore la Delibera dell\u2019 Autorit\u00e0 dell\u2019 Energia Elettrica n\u00b0 786 che stabilisce, tra le altre, le verifiche periodiche con cassetta prova rel\u00e8 a cui devono essere sottoposti i sistemi di protezione di interfaccia degli impianti produttori di potenza superiore agli 11,08 kW, connessi alla rete di distribuzione locale sia in Media che in Bassa Tensione, pena la sospensione degli incentivi e delle convenzioni di scambio sul posto stipulati con il GSE-Gestore dei Servizi Energetici. Le scadenze temporali entro cui dovranno essere eseguite le verifiche periodiche, ai sensi della variante V2 alla Norma CEI 0-16 e della nuova edizione della Norma CEI 0-21, dipendono dalla data di entrata in esercizio (nel caso di impianti potenziati, vale la data in cui \u00e8 entrata in esercizio la prima sezione) dell\u2019impianto stesso:<br \/>\n1.\u00a0\u00a0 \u00a0Impianti entrati in esercizio dal 1 Agosto 2016<br \/>\n2.\u00a0\u00a0 \u00a0Impianti entrati in esercizio tra il 1 Luglio 2012 ed il 31 Luglio 2016;<br \/>\n3.\u00a0\u00a0 \u00a0Impianti entrati in esercizio tra il 1 Gennaio 2010 ed il 30 Giugno 2012;<br \/>\n4.\u00a0\u00a0 \u00a0Impianti entrati in esercizio prima del 31 Dicembre 2009.<br \/>\nInvitiamo pertanto gli Utenti titolari di impianti produttori, connessi sia in Media che in Bassa Tensione, di potenza nominale superiore agli 11,08 kW, a prendere visione della suddetta delibera (<strong><a href=\"https:\/\/www.arera.it\/atti-e-provvedimenti\/dettaglio\/16\/786-16\" target=\"_blank\" rel=\"noopener\">www.arera.it\/atti-e-provvedimenti\/dettaglio\/16\/786-16<\/a><\/strong>) e di provvedere alle verifiche periodiche dei sistemi di protezione di interfaccia secondo le relative scadenze, dandone poi comunicazione scritta allo scrivente Distributore mediante dichiarazione sostitutiva di atto di notoriet\u00e0 (da inviare anche a mezzo PEC).<\/p>\n<hr \/>\n<h2>Comunicazione Autolettura<\/h2>\n<p>Comunichiamo ai clienti finali che ai fini della fatturazione di chiusura delle proprie utenze elettriche \u00e8 possibile comunicare l\u2019autolettura tramite comunicazione scritta agli indirizzi di cui alla sezione \u201ccontatti\u201d riportata in bolletta.<\/p>\n<p>La lettura pu\u00f2 essere comunicata anche tramite PEC all\u2019indirizzo:\u00a0<b><a href=\"mailto:icelweb@pec.it\">icelweb@pec.it<\/a>\u00a0.<\/b><b><\/b><\/p>\n<p>Le autoletture verranno prese in considerazione esclusivamente in caso di assenza di telerilevamento e in mancanza di lettura rilevata in loco dai letturisti.<\/p>\n<p>L\u2019autolettura dovr\u00e0 pervenire tra il quinto giorno lavorativo precedente alla cessazione ed il terzo giorno lavorativo successivo, e verr\u00e0 utilizzata solo a seguito di validazione, ovvero del controllo di congruenza con le letture gi\u00e0 disponibili per l\u2019utenza.<\/p>\n<p>Le autoletture inviate non relative alle fatture di chiusura verranno comunque prese in considerazione, qualora validate, solo in assenza di dati effettivi rilevati dal distributore.<\/p>\n<hr \/>\n<h2>Comunicazione ai clienti con domiciliazione bancaria<\/h2>\n<p>Si comunica che a far data dal 20 marzo 2015, le commissioni bancarie pagate dal Fornitore a causa di comunicazione di insoluto (insufficienza fondi o altre cause imputabili al Cliente) saranno addebitate al Cliente con domiciliazione bancaria (SEPA SDD ex RID) nella bolletta successiva.<\/p>\n<\/div>","protected":false},"excerpt":{"rendered":"<p>Erogazione BONUS SOCIALE 2021 e 2022 Segnaliamo agli utenti aventi diritto che non siano gi\u00e0 stati destinatari di bonus sociale elettrico per gli anni 2021 e 2022, che con Delibera 554\/2022\/R\/com l\u2019ARERA ha predisposto il metodo per l\u2019erogazione del bonus <a href=\"https:\/\/www.icelweb.it\/\" class=\"read-more\">Continua la lettura &#8230;<\/a><\/p>\n","protected":false},"author":1,"featured_media":0,"parent":0,"menu_order":-1,"comment_status":"closed","ping_status":"closed","template":"","meta":{"footnotes":"","_links_to":"","_links_to_target":""},"class_list":["post-58","page","type-page","status-publish","hentry"],"_links":{"self":[{"href":"https:\/\/www.icelweb.it\/index.php?rest_route=\/wp\/v2\/pages\/58","targetHints":{"allow":["GET"]}}],"collection":[{"href":"https:\/\/www.icelweb.it\/index.php?rest_route=\/wp\/v2\/pages"}],"about":[{"href":"https:\/\/www.icelweb.it\/index.php?rest_route=\/wp\/v2\/types\/page"}],"author":[{"embeddable":true,"href":"https:\/\/www.icelweb.it\/index.php?rest_route=\/wp\/v2\/users\/1"}],"replies":[{"embeddable":true,"href":"https:\/\/www.icelweb.it\/index.php?rest_route=%2Fwp%2Fv2%2Fcomments&post=58"}],"version-history":[{"count":9,"href":"https:\/\/www.icelweb.it\/index.php?rest_route=\/wp\/v2\/pages\/58\/revisions"}],"predecessor-version":[{"id":1345,"href":"https:\/\/www.icelweb.it\/index.php?rest_route=\/wp\/v2\/pages\/58\/revisions\/1345"}],"wp:attachment":[{"href":"https:\/\/www.icelweb.it\/index.php?rest_route=%2Fwp%2Fv2%2Fmedia&parent=58"}],"curies":[{"name":"wp","href":"https:\/\/api.w.org\/{rel}","templated":true}]}}